{"id":89,"date":"2023-05-20T15:50:52","date_gmt":"2023-05-20T15:50:52","guid":{"rendered":"https:\/\/westlife.com.br\/site\/?page_id=89"},"modified":"2023-05-21T16:36:15","modified_gmt":"2023-05-21T16:36:15","slug":"bio-resumo","status":"publish","type":"page","link":"https:\/\/westlife.com.br\/site\/bio-resumo\/","title":{"rendered":"BIO-RESUMO"},"content":{"rendered":"\n<p><\/p>\n\n\n\n<p><strong>Westlife \u00e9 uma boyband irlandesa, que foi formado oficialmente no dia 03 de Julho de 1998. Seus membros originais s\u00e3o: Shane Filan, Mark Feehily, Nicky Byrne, Kian Egan e <s>Brian McFadden, esse \u00faltimo saiu da banda em Mar\u00e7o de 2004<\/s> e seguindo apenas com os 4 integrantes restantes!<\/strong> <\/p>\n\n\n\n<p>A banda originalmente assinou contrato com Simon Cowell e foram assessorados pelo magnata da m\u00fasica, o empres\u00e1rio Louis Walsh.<\/p>\n\n\n\n<p class=\"has-text-align-center has-medium-font-size\"><strong>A banda se popularizou com grande \u00eaxito inicialmente na Irlanda e no Reino Unido, bem como no restante da Europa. Tamb\u00e9m ficou extremamente popular na Am\u00e9rica do Sul, Canad\u00e1, Austr\u00e1lia, \u00c1frica do Sul e \u00c1sia.<\/strong><\/p>\n\n\n\n<p><strong>Em um determinado momento, a banda at\u00e9 ent\u00e3o com 13 anos de carreira, decidiu se separar em 2011 enviando um comunicado a imprensa do mundo inteiro. <\/strong>O \u00faltimo show daquele per\u00edodo foi em 23 de Junho de 2012, na tour de despedida na Irlanda, em Dublin, no est\u00e1dio do Croke Park.<\/p>\n\n\n\n<p><strong>Ap\u00f3s 6 longos anos de pausa, com carreira solo de cada membro e depois de muitos rumores desmentidos,<\/strong> os membros do Westlife <strong>resolveram que era hora de voltar com a banda<\/strong>, fazendo a alegria de todos! <strong>E assim, em 3 de Outubro de 2018, com um video curto postado em suas redes sociais oficiais, eles anunciaram que estavam de volta oficialmente, <\/strong>para celebrar os 20 anos da banda com um novo \u00e1lbum de est\u00fadio e uma nova turn\u00ea de comemora\u00e7\u00e3o.<\/p>\n\n\n\n<p class=\"has-text-align-center has-medium-font-size\"><strong>A banda vendeu mais de 55 milh\u00f5es pelo mundo inteiro, incluindo desde seus 12 \u00e1lbuns de est\u00fadio, 2 colet\u00e2neas dos grandes sucessos, 40 singles, 46 video-clipes e 17 DVD&#8217;s.<\/strong><\/p>\n\n\n\n<p><strong>Westlife conseguiu oficialmente os seus 14 singles n\u00famero #1 no Reino Unido, ao longo de toda a sua carreira conquistados no per\u00edodo entre 1999 a 2006,<\/strong> foi o terceiro maior recorde na hist\u00f3ria da regi\u00e3o, ficando atr\u00e1s apenas de Elvis Presley e The Beatles e empatado com Ed Sheeran e Cliff Richard.<\/p>\n\n\n\n<p>Eles foram nomeados como o 4\u00b0 artista musical que mais trabalhou no Reino Unido segundo a PRS (Performers Right Society) em 2010.<\/p>\n\n\n\n<p><strong>Em 2012 o site oficial dos Charts mundial listou <\/strong>Westlife no 34o lugar entre o artista que teve a maior venda de singles na hist\u00f3ria da m\u00fasica brit\u00e2nica. <\/p>\n\n\n\n<p>Apesar do sucesso em quase todo o mundo, <strong>Westlife nunca conseguiu entrar no mercado americano,<\/strong> alcan\u00e7ando o top #20 da Billboard americana com apenas o \u00fanico single lan\u00e7ado por l\u00e1 em 2000, com a m\u00fasica &#8220;Swear It Again&#8221; retirada do primeiro \u00e1lbum de carreira.<\/p>\n\n\n\n<p class=\"has-text-align-center has-large-font-size\"><strong><a href=\"https:\/\/westlife.com.br\/site\/biografia-completa\/\">-&gt; CLIQUE AQUI &lt;-<\/a><\/strong><\/p>\n\n\n\n<p class=\"has-text-align-center has-medium-font-size\"><em>\u2026 e saiba a biografia completa, como tudo come\u00e7ou em uma cidade pequena do interior no noroeste da Irlanda, chamada Sligo \u2026<\/em><\/p>\n","protected":false},"excerpt":{"rendered":"<p>Westlife \u00e9 uma boyband irlandesa, que foi formado oficialmente no dia 03 de Julho de 1998. Seus membros originais s\u00e3o: Shane Filan, Mark Feehily, Nicky Byrne, Kian Egan e Brian McFadden, esse \u00faltimo saiu da banda em Mar\u00e7o de 2004 e seguindo apenas com os 4 integrantes restantes! A banda originalmente assinou contrato com Simon [&hellip;]<\/p>\n","protected":false},"author":1,"featured_media":0,"parent":0,"menu_order":0,"comment_status":"closed","ping_status":"closed","template":"","meta":{"footnotes":""},"_links":{"self":[{"href":"https:\/\/westlife.com.br\/site\/wp-json\/wp\/v2\/pages\/89"}],"collection":[{"href":"https:\/\/westlife.com.br\/site\/wp-json\/wp\/v2\/pages"}],"about":[{"href":"https:\/\/westlife.com.br\/site\/wp-json\/wp\/v2\/types\/page"}],"author":[{"embeddable":true,"href":"https:\/\/westlife.com.br\/site\/wp-json\/wp\/v2\/users\/1"}],"replies":[{"embeddable":true,"href":"https:\/\/westlife.com.br\/site\/wp-json\/wp\/v2\/comments?post=89"}],"version-history":[{"count":6,"href":"https:\/\/westlife.com.br\/site\/wp-json\/wp\/v2\/pages\/89\/revisions"}],"predecessor-version":[{"id":98,"href":"https:\/\/westlife.com.br\/site\/wp-json\/wp\/v2\/pages\/89\/revisions\/98"}],"wp:attachment":[{"href":"https:\/\/westlife.com.br\/site\/wp-json\/wp\/v2\/media?parent=89"}],"curies":[{"name":"wp","href":"https:\/\/api.w.org\/{rel}","templated":true}]}}